0 (base 4) in base 11?
-129
What is 11a (base 12) in base 5?
1131
What is -6 (base 8) in base 7?
-6
What is b1 (base 13) in base 15?
99
Convert 65 (base 10) to base 2.
1000001
Convert 12 (base 3) to base 7.
5
Convert 3 (base 5) to base 16.
3
-5 (base 13) to base 10
-5
What is 210 (base 3) in base 11?
1a
Convert 1011 (base 2) to base 3.
102
Convert -10 (base 9) to base 4.
-21
-1 (base 10) to base 4
-1
What is 4 (base 7) in base 6?
4
What is -321 (base 4) in base 7?
-111
What is 6 (base 9) in base 4?
12
What is 48 (base 12) in base 9?
62
-2 (base 4) to base 14
-2
Convert -111 (base 3) to base 4.
-31
Convert 422 (base 5) to base 2.
1110000
What is 56 (base 11) in base 4?
331
-55 (base 6) to base 2
-100011
-1 (base 2) to base 5
-1
What is 4 (base 11) in base 3?
11
What is -10 (base 3) in base 14?
-3
-43 (base 5) to base 16
-17
What is -103 (base 5) in base 11?
-26
What is 5 (base 11) in base 15?
5
What is -61 (base 9) in base 4?
-313
What is -1 (base 5) in base 13?
-1
What is 37 (base 14) in base 5?
144
What is 35 (base 9) in base 11?
2a
What is -76 (base 12) in base 16?
-5a
3 (base 5) to base 3
10
What is -4 (base 5) in base 15?
-4
What is -115 (base 7) in base 2?
-111101
-7 (base 10) to base 3
-21
Convert 199 (base 12) to base 13.
171
What is -5 (base 6) in base 4?
-11
Convert 5c (base 14) to base 11.
75
-1110 (base 2) to base 11
-13
-1013 (base 4) to base 3
-2122
Convert 1 (base 7) to base 11.
1
Convert 26 (base 15) to base 3.
1100
51 (base 16) to base 5
311
What is 1 (base 6) in base 12?
1
-1 (base 6) to base 14
-1
-68 (base 16) to base 13
-80
14 (base 5) to base 8
11
What is 131 (base 7) in base 6?
155
What is 42 (base 10) in base 4?
222
What is -36 (base 15) in base 10?
-51
Convert 50 (base 7) to base 14.
27
Convert -10 (base 9) to base 13.
-9
Convert 343 (base 5) to base 3.
10122
Convert -12 (base 6) to base 7.
-11
Convert 24 (base 5) to base 6.
22
110111 (base 2) to base 10
55
What is -a (base 11) in base 10?
-10
177 (base 8) to base 15
87
-2 (base 11) to base 8
-2
Convert 3 (base 14) to base 12.
3
Convert -2 (base 12) to base 3.
-2
Convert 11111 (base 2) to base 8.
37
-110 (base 7) to base 5
-211
-1010 (base 2) to base 5
-20
What is -111001 (base 2) in base 16?
-39
234 (base 9) to base 3
21011
What is -3 (base 14) in base 11?
-3
Convert -22 (base 8) to base 15.
-13
11 (base 12) to base 6
21
1201 (base 3) to base 14
34
What is -88 (base 15) in base 10?
-128
What is 14 (base 12) in base 14?
12
Convert -2 (base 7) to base 14.
-2
6 (base 9) to base 15
6
What is 6 (base 15) in base 16?
6
4 (base 8) to base 11
4
Convert 211 (base 3) to base 10.
22
Convert 34 (base 6) to base 14.
18
What is 56 (base 13) in base 16?
47
What is 111 (base 2) in base 3?
21
Convert a (base 13) to base 4.
22
f (base 16) to base 10
15
Convert b (base 13) to base 2.
1011
-18 (base 9) to base 14
-13
-2 (base 11) to base 4
-2
-100 (base 5) to base 13
-1c
Convert 71 (base 9) to base 2.
1000000
256 (base 8) to base 4
2232
What is -103 (base 4) in base 14?
-15
What is 25 (base 8) in base 13?
18
What is 1 (base 14) in base 8?
1
What is 2 (base 13) in base 3?
2
Convert -2b (base 12) to base 10.
-35
Convert -1120 (base 4) to base 10.
-88
Convert -54 (base 8) to base 6.
-112
Convert -1 (base 4) to base 12.
-1
Convert -5c (base 14) to base 11.
-75
What is 12 (base 6) in base 8?
10
What is 14 (base 13) in base 5?
32
What is 102111 (base 3) in base 6?
1234
-20 (base 3) to base 6
-10
4 (base 15) to base 5
4
Convert 32 (base 4) to base 3.
112
-2100 (base 3) to base 4
-333
What is 0 (base 6) in base 4?
0
Convert b1 (base 13) to base 16.
90
What is 2 (base 12) in base 15?
2
What is -6 (base 10) in base 11?
-6
4a (base 14) to base 2
1000010
What is 5 (base 7) in base 15?
5
What is 16 (base 9) in base 5?
30
Convert 14 (base 5) to base 11.
9
-55 (base 6) to base 8
-43
-11 (base 2) to base 12
-3
What is -20 (base 8) in base 4?
-100
What is 11 (base 4) in base 6?
5
Convert -f (base 16) to base 10.
-15
Convert -87 (base 11) to base 10.
-95
-1 (base 12) to base 9
-1
Convert 31 (base 9) to base 3.
1001
What is 1101 (base 2) in base 16?
d
Convert -410 (base 6) to base 16.
-96
Convert -1 (base 11) to base 3.
-1
What is 1 (base 5) in base 8?
1
Convert 110 (base 3) to base 6.
20
1 (base 15) to base 16
1
-53 (base 9) to base 2
-110000
3 (base 7) to base 15
3
What is -7 (base 13) in base 11?
-7
101 (base 5) to base 4
122
What is -44 (base 11) in base 12?
-40
What is -54 (base 7) in base 6?
-103
What is 8 (base 15) in base 7?
11
What is 33 (base 6) in base 11?
1a
Convert -20 (base 8) to base 9.
-17
What is 120 (base 5) in base 3?
1022
What is -2 (base 13) in base 11?
-2
Convert -11 (base 3) to base 2.
-100
-15 (base 11) to base 5
-31
What is -2 (base 11) in base 8?
-2
-1042 (base 6) to base 8
-362
-a (base 11) to base 12
-a
4e (base 15) to base 6
202
-20 (base 6) to base 14
-c
Convert -7 (base 14) to base 3.
-21
2 (base 9) to base 16
2
10 (base 12) to base 2
1100
46 (base 14) to base 12
52
Convert -14 (base 5) to base 16.
-9
What is 4 (base 5) in base 8?
4
What is 0 (base 14) in base 16?
0
What is 1 (base 7) in base 10?
1
Convert 9 (base 10) to base 7.
12
Convert 28 (base 15) to base 5.
123
What is -2 (base 11) in base 4?
-2
What is -40 (base 7) in base 16?
-1c
5 (base 14) to base 13
5
-d (base 15) to base 5
-23
6 (base 10) to base 6
10
Convert -24 (base 9) to base 3.
-211
-11 (base 2) to base 9
-3
What is 45 (base 8) in base 16?
25
Convert -120 (base 5) to base 7.
-50
111 (base 2) to base 6
11
What is -1 (base 11) in base 4?
-1
40 (base 11) to base 8
54
What is -d (base 14) in base 10?
-13
What is 536 (base 7) in base 9?
332
What is -20 (base 4) in base 14?
-8
What is -230 (base 5) in base 7?
-122
What is 28 (base 12) in base 9?
35
24 (base 16) to base 9
40
Convert 400 (base 5) to base 15.
6a
Convert 1 (base 5) to base 10.
1
What is -4c (base 14) in base 8?
-104
Convert 2 (base 3) to base 14.
2
1 (base 13) to base 10
1
Convert 221 (base 3) to base 2.
11001
1000 (base 2) to base 9
8
What is 3 (base 7) in base 2?
11
224 (base 7) to base 13
8c
What is 2 (base 5) in base 4?
2
-4 (base 13) to base 5
-4
Convert -1 (base 16) to base 9.
-1
What is -17 (base 13) in base 5?
-40
What is 267 (base 8) in base 10?
183
3 (base 14) to base 12
3
What is 232 (base 4) in base 15?
31
80 (base 14) to base 2
1110000
Convert 78 (base 14) to base 8.
152
Convert 1010 (base 2) to base 14.
a
Convert -3 (base 14) to base 3.
-10
-124 (base 6) to base 14
-3a
Convert -3 (base 5) to base 8.
-3
What is -14 (base 6) in base 10?
-10
What is -3 (base 6) in base 16?
-3
Convert 101 (base 2) to base 3.
12
What is -23 (base 10) in base 4?
-113
What is -b (base 16) in base 10?
-11
-64 (base 7) to base 11
-42
Convert 0 (base 3) to base 7.
0
What is -68 (base 12) in base 3?
-2222
1 (base 16) to base 5
1
What is 6 (base 15) in base 13?
6
What is 14 (base 6) in base 15?
a
What is d (base 16) in base 3?
111
What is 87 (base 14) in base 12?
9b
What is 1011 (base 6) in base 13?
142
Convert 100 (base 2) to base 11.
4
What is 0 (base 10) in base 8?
0
Convert -3 (base 4) to base 15.
-3
86 (base 13) to base 11
a0
What is 11 (base 3) in base 11?
4
What is 1000 (base 2) in base 11?
8
-4 (base 14) to base 7
-4
-7 (base 12) to base 6
-11
What is 40 (base 5) in base 6?
32
What is -104 (base 9) in base 2?
-1010101
Convert 186 (base 9) to base 16.
9f
Convert -1000 (base 2) to base 9.
-8
Convert -1 (base 6) to base 7.
-1
What is 16 (base 15) in base 8?
25
What is 23 (base 9) in base 8?
25
Convert -1 (base 3) to base 15.
-1
Convert -1 (base 12) to base 4.
-1
114 (base 6) to base 12
3a
1 (base 16) to base 11
1
What is 52 (base 12) in base 5?
222
What is 10110001 (base 2) in base 9?
216
8b (base 12) to base 10
107
Convert -46 (base 14) to base 9.
-68
What is -22 (base 15) in base 2?
-100000
Convert 17 (base 11) to base 9.
20
-1110 (base 2) to base 16
-e
What is 13 (base 8) in base 15?
b
-20 (base 3) to base 14
-6
4 (base 6) to base 7
4
Convert -10 (base 8) to base 2.
-1000
What is 0 (base 9) in base 15?
0
What is -2 (base 14) in base 12?
-2
Convert 1311 (base 4) to base 13.
90
0 (base 15) to base 3
0
Convert -1 (base 7) to base 3.
-1
Convert -30 (base 4) to base 6.
-20
What is 4 (base 10) in base 9?
4
What is -54 (base 10) in base 15?
-39
445 (base 9) to b